21
What are the prime factors of 4967157902?
2, 7, 103, 3444631
List the prime factors of 2369624452.
2, 13, 29, 317, 4957
What are the prime factors of 1332073554?
2, 3, 7, 31716037
What are the prime factors of 15390223?
15390223
What are the prime factors of 49616172?
2, 3, 389, 1181
List the prime factors of 334724466.
2, 3, 55787411
What are the prime factors of 146872085?
5, 29374417
List the prime factors of 96822197.
41, 43, 54919
What are the prime factors of 91700309?
83, 1104823
What are the prime factors of 104860589?
97, 1081037
What are the prime factors of 3051746492?
2, 1193, 639511
What are the prime factors of 278474206?
2, 139237103
List the prime factors of 187632712.
2, 23, 401, 2543
List the prime factors of 13262290.
2, 5, 641, 2069
What are the prime factors of 61262911?
61262911
What are the prime factors of 226681088?
2, 885473
What are the prime factors of 913606875?
3, 5, 162419
What are the prime factors of 115375155?
3, 5, 7, 79, 1987
List the prime factors of 4688676910.
2, 5, 1559, 300749
List the prime factors of 343832242.
2, 13, 17, 777901
List the prime factors of 1366006184.
2, 41, 61, 67, 1019
What are the prime factors of 1582558212?
2, 3, 7237, 18223
List the prime factors of 111878804.
2, 27969701
What are the prime factors of 152847661?
29, 5270609
What are the prime factors of 510193580?
2, 5, 13, 1962283
What are the prime factors of 288204217?
7, 19, 2166949
List the prime factors of 1010149900.
2, 5, 10101499
List the prime factors of 234636789.
3, 78212263
What are the prime factors of 365433063?
3, 121811021
List the prime factors of 260192832.
2, 3, 59, 103, 223
What are the prime factors of 7924112413?
7, 1132016059
What are the prime factors of 105895070?
2, 5, 31, 341597
What are the prime factors of 1200325549?
31, 109, 3259
List the prime factors of 5014794839.
30509, 164371
What are the prime factors of 2080497172?
2, 13, 31, 1290631
What are the prime factors of 281977595?
5, 4409, 12791
List the prime factors of 54558267.
3, 18186089
What are the prime factors of 105576429?
3, 7, 37, 47, 59
List the prime factors of 679194283.
31, 1063, 20611
What are the prime factors of 1844989300?
2, 5, 7, 11, 19, 12611
List the prime factors of 2638304177.
2638304177
List the prime factors of 259088458.
2, 129544229
List the prime factors of 2599498318.
2, 23, 41, 73, 79, 239
What are the prime factors of 115156479?
3, 269, 142697
What are the prime factors of 16176306?
2, 3, 2696051
What are the prime factors of 3213977497?
73, 44027089
List the prime factors of 165131610.
2, 3, 5, 7, 43, 18287
List the prime factors of 54340110.
2, 3, 5, 11, 131, 419
What are the prime factors of 90894114?
2, 3, 23, 241, 911
List the prime factors of 142453327.
97, 1468591
What are the prime factors of 33801786?
2, 3, 157, 443
What are the prime factors of 270847580?
2, 5, 13542379
List the prime factors of 9751629.
3, 53, 61331
What are the prime factors of 190833232?
2, 71, 167987
List the prime factors of 45641963.
43, 1061441
List the prime factors of 30968973.
3, 7, 193, 283
What are the prime factors of 7704345360?
2, 3, 5, 32101439
What are the prime factors of 91670965?
5, 18334193
What are the prime factors of 17073005?
5, 197, 17333
List the prime factors of 43831035.
3, 5, 29, 33587
List the prime factors of 1994057543.
19, 239, 439123
What are the prime factors of 398626514?
2, 11, 13, 11519
List the prime factors of 2202711097.
17, 19, 6819539
What are the prime factors of 169726592?
2, 7, 27061
What are the prime factors of 425779905?
3, 5, 37, 263, 2917
What are the prime factors of 503761801?
19, 23, 1152773
What are the prime factors of 84032372?
2, 29, 269, 2693
What are the prime factors of 2021429?
19, 106391
What are the prime factors of 3172481296?
2, 198280081
What are the prime factors of 74018603?
74018603
List the prime factors of 345562139.
13, 19, 1399037
What are the prime factors of 44981750?
2, 5, 11, 1487
List the prime factors of 63387844.
2, 13, 7213
What are the prime factors of 40978122?
2, 3, 6829687
List the prime factors of 1507949549.
1507949549
What are the prime factors of 4182621496?
2, 522827687
What are the prime factors of 1382670530?
2, 5, 23, 61, 139, 709
List the prime factors of 187501032.
2, 3, 257, 10133
List the prime factors of 638876721.
3, 7, 59, 515639
What are the prime factors of 914262400?
2, 5, 285707
What are the prime factors of 91846233?
3, 103, 99079
List the prime factors of 240565294.
2, 421, 285707
List the prime factors of 81189503.
193, 420671
What are the prime factors of 610550878?
2, 7, 419, 14869
What are the prime factors of 3221319635?
5, 644263927
What are the prime factors of 33055582?
2, 7, 17, 138889
List the prime factors of 483351763.
483351763
What are the prime factors of 5784481?
1097, 5273
List the prime factors of 1147054221.
3, 127, 857, 1171
What are the prime factors of 1333305944?
2, 127, 593, 2213
What are the prime factors of 5525681415?
3, 5, 173, 2129357
What are the prime factors of 190471061?
11, 71, 22171
List the prime factors of 61814284.
2, 7, 173, 1823
List the prime factors of 27318116.
2, 7, 17, 29, 1979
What are the prime factors of 433847203?
467, 929009
List the prime factors of 9397705.
5, 1361, 1381
List the prime factors of 117591698.
2, 7, 37, 227011
List the prime factors of 273160021.
131, 2085191
What are the prime factors of 853634938?
2, 13, 173, 1097
List the prime factors of 167160534.
2, 3, 599, 46511
List the prime factors of 189266363.
11, 13, 1323541
List the prime factors of 31994452.
2, 7, 239, 683
List the prime factors of 173657595.
3, 5, 827, 13999
List the prime factors of 61894070.
2, 5, 7, 884201
What are the prime factors of 185640445?
5, 769, 48281
What are the prime factors of 5189954?
2, 7, 11, 67, 503
List the prime factors of 1114144662.
2, 3, 185690777
List the prime factors of 31268926.
2, 13, 673, 1787
What are the prime factors of 183997197?
3, 19, 358669
What are the prime factors of 2376676943?
2376676943
List the prime factors of 115230152.
2, 137, 105137
What are the prime factors of 31884656?
2, 17, 117223
List the prime factors of 82544790.
2, 3, 5, 2751493
What are the prime factors of 63848151?
3, 19, 61, 6121
List the prime factors of 204901092.
2, 3, 11, 19, 113, 241
List the prime factors of 1889604899.
7, 13, 20764889
List the prime factors of 11703726.
2, 3, 163, 3989
List the prime factors of 70052633.
7, 43, 211, 1103
List the prime factors of 364731917.
11, 33157447
List the prime factors of 163277059.
11, 1163, 12763
List the prime factors of 56296135.
5, 7, 1608461
List the prime factors of 31271705.
5, 1949, 3209
List the prime factors of 1061894933.
11, 19, 43, 173, 683
What are the prime factors of 3279236004?
2, 3, 11, 752809
What are the prime factors of 5753564949?
3, 11, 17, 10255909
What are the prime factors of 247038104?
2, 30879763
List the prime factors of 3401812577.
47, 72378991
What are the prime factors of 1453557380?
2, 5, 11, 19, 43, 8087
What are the prime factors of 2957773505?
5, 19267, 30703
List the prime factors of 2209248720.
2, 3, 5, 7, 97, 4519
What are the prime factors of 346946627?
346946627
What are the prime factors of 175972558?
2, 87986279
What are the prime factors of 34709848?
2, 37, 149, 787
What are the prime factors of 3534955329?
3, 8887, 132589
What are the prime factors of 173845715?
5, 47, 193, 3833
What are the prime factors of 226089960?
2, 3, 5, 1884083
List the prime factors of 726893878.
2, 3259, 111521
What are the prime factors of 85388035?
5, 29, 41, 53, 271
List the prime factors of 410620949.
410620949
What are the prime factors of 100471583?
83, 307, 3943
List the prime factors of 5103924860.
2, 5, 11551, 22093
What are the prime factors of 219706221?
3, 7, 43, 467, 521
List the prime factors of 50876395.
5, 19, 79, 6779
What are the prime factors of 979419552?
2, 3, 29, 351803
List the prime factors of 179971067.
23, 7824829
What are the prime factors of 1232522241?
3, 410840747
What are the prime factors of 2993291838?
2, 3, 41, 61, 66491
What are the prime factors of 8099458?
2, 61, 197, 337
List the prime factors of 2768867572.
2, 47, 269, 54751
What are the prime factors of 1041404187?
3, 34713472